d by 37?
7
What is the remainder when 369 is divided by 96?
81
Calculate the remainder when 78 is divided by 11.
1
What is the remainder when 15 is divided by 11?
4
Calculate the remainder when 38 is divided by 16.
6
What is the remainder when 111 is divided by 9?
3
Calculate the remainder when 366 is divided by 16.
14
What is the remainder when 540 is divided by 159?
63
Calculate the remainder when 966 is divided by 10.
6
What is the remainder when 6168 is divided by 51?
48
Calculate the remainder when 11588 is divided by 95.
93
What is the remainder when 4954 is divided by 108?
94
Calculate the remainder when 17241 is divided by 18.
15
Calculate the remainder when 523 is divided by 175.
173
Calculate the remainder when 1334 is divided by 93.
32
Calculate the remainder when 111 is divided by 14.
13
What is the remainder when 22 is divided by 8?
6
What is the remainder when 1303 is divided by 9?
7
Calculate the remainder when 409 is divided by 28.
17
Calculate the remainder when 269 is divided by 130.
9
What is the remainder when 1439 is divided by 130?
9
Calculate the remainder when 68351 is divided by 12.
11
What is the remainder when 49 is divided by 15?
4
Calculate the remainder when 56444 is divided by 26.
24
What is the remainder when 121 is divided by 61?
60
Calculate the remainder when 22 is divided by 3.
1
What is the remainder when 1658 is divided by 21?
20
Calculate the remainder when 764 is divided by 50.
14
What is the remainder when 253 is divided by 91?
71
What is the remainder when 74 is divided by 15?
14
Calculate the remainder when 12458 is divided by 178.
176
Calculate the remainder when 98 is divided by 9.
8
Calculate the remainder when 113 is divided by 39.
35
Calculate the remainder when 193 is divided by 70.
53
Calculate the remainder when 105 is divided by 20.
5
Calculate the remainder when 5014 is divided by 66.
64
Calculate the remainder when 64 is divided by 11.
9
What is the remainder when 552 is divided by 21?
6
What is the remainder when 476 is divided by 24?
20
Calculate the remainder when 1176 is divided by 284.
40
Calculate the remainder when 1959 is divided by 641.
36
What is the remainder when 339 is divided by 34?
33
Calculate the remainder when 37 is divided by 13.
11
What is the remainder when 544 is divided by 154?
82
Calculate the remainder when 1623 is divided by 15.
3
Calculate the remainder when 31 is divided by 25.
6
What is the remainder when 1393 is divided by 694?
5
What is the remainder when 489 is divided by 19?
14
Calculate the remainder when 107 is divided by 27.
26
What is the remainder when 586 is divided by 28?
26
Calculate the remainder when 388 is divided by 30.
28
What is the remainder when 7752 is divided by 55?
52
What is the remainder when 445 is divided by 32?
29
What is the remainder when 76 is divided by 7?
6
Calculate the remainder when 5599 is divided by 35.
34
Calculate the remainder when 2889 is divided by 59.
57
Calculate the remainder when 372 is divided by 76.
68
What is the remainder when 883 is divided by 310?
263
What is the remainder when 939 is divided by 16?
11
What is the remainder when 290 is divided by 75?
65
What is the remainder when 1954 is divided by 645?
19
What is the remainder when 1654 is divided by 98?
86
Calculate the remainder when 4394 is divided by 83.
78
What is the remainder when 2422 is divided by 122?
104
What is the remainder when 1646 is divided by 63?
8
Calculate the remainder when 431 is divided by 15.
11
What is the remainder when 2045 is divided by 89?
87
What is the remainder when 887 is divided by 14?
5
What is the remainder when 13659 is divided by 11?
8
Calculate the remainder when 1757 is divided by 19.
9
What is the remainder when 190 is divided by 98?
92
Calculate the remainder when 315 is divided by 8.
3
Calculate the remainder when 169 is divided by 38.
17
What is the remainder when 161 is divided by 4?
1
What is the remainder when 21 is divided by 11?
10
Calculate the remainder when 237 is divided by 8.
5
What is the remainder when 9 is divided by 2?
1
What is the remainder when 65 is divided by 12?
5
What is the remainder when 150 is divided by 11?
7
What is the remainder when 26 is divided by 18?
8
What is the remainder when 250 is divided by 63?
61
What is the remainder when 40 is divided by 12?
4
What is the remainder when 2639 is divided by 49?
42
Calculate the remainder when 605 is divided by 11.
0
Calculate the remainder when 216 is divided by 67.
15
Calculate the remainder when 111 is divided by 29.
24
What is the remainder when 2578 is divided by 49?
30
What is the remainder when 21 is divided by 16?
5
What is the remainder when 1240 is divided by 214?
170
Calculate the remainder when 38 is divided by 20.
18
What is the remainder when 1555 is divided by 142?
135
What is the remainder when 169 is divided by 35?
29
What is the remainder when 594 is divided by 149?
147
Calculate the remainder when 524 is divided by 63.
20
What is the remainder when 78 is divided by 49?
29
Calculate the remainder when 996 is divided by 979.
17
What is the remainder when 1256 is divided by 46?
14
What is the remainder when 103 is divided by 7?
5
Calculate the remainder when 161 is divided by 86.
75
Calculate the remainder when 394 is divided by 267.
127
What is the remainder when 5416 is divided by 43?
41
Calculate the remainder when 560 is divided by 355.
205
What is the remainder when 5598 is divided by 16?
14
Calculate the remainder when 349 is divided by 35.
34
What is the remainder when 478 is divided by 32?
30
What is the remainder when 1208 is divided by 249?
212
What is the remainder when 2266 is divided by 755?
1
Calculate the remainder when 8145 is divided by 194.
191
Calculate the remainder when 242 is divided by 51.
38
Calculate the remainder when 481 is divided by 70.
61
Calculate the remainder when 61 is divided by 30.
1
What is the remainder when 679 is divided by 74?
13
What is the remainder when 183 is divided by 41?
19
Calculate the remainder when 1789 is divided by 16.
13
What is the remainder when 198 is divided by 62?
12
Calculate the remainder when 70 is divided by 59.
11
Calculate the remainder when 51 is divided by 24.
3
What is the remainder when 99 is divided by 27?
18
Calculate the remainder when 7323 is divided by 24.
3
Calculate the remainder when 24 is divided by 7.
3
What is the remainder when 986 is divided by 45?
41
Calculate the remainder when 1075 is divided by 24.
19
Calculate the remainder when 918 is divided by 266.
120
Calculate the remainder when 17007 is divided by 54.
51
What is the remainder when 109 is divided by 16?
13
What is the remainder when 622 is divided by 25?
22
What is the remainder when 314 is divided by 33?
17
Calculate the remainder when 519 is divided by 6.
3
Calculate the remainder when 336 is divided by 26.
24
Calculate the remainder when 99 is divided by 47.
5
Calculate the remainder when 221 is divided by 30.
11
Calculate the remainder when 6941 is divided by 178.
177
What is the remainder when 1031 is divided by 7?
2
Calculate the remainder when 308 is divided by 58.
18
Calculate the remainder when 882 is divided by 17.
15
What is the remainder when 4242 is divided by 15?
12
Calculate the remainder when 4252 is divided by 38.
34
Calculate the remainder when 1170 is divided by 23.
20
Calculate the remainder when 407 is divided by 83.
75
Calculate the remainder when 344 is divided by 200.
144
What is the remainder when 2922 is divided by 75?
72
Calculate the remainder when 312 is divided by 50.
12
Calculate the remainder when 3684 is divided by 38.
36
What is the remainder when 142 is divided by 53?
36
Calculate the remainder when 851 is divided by 839.
12
Calculate the remainder when 3707 is divided by 103.
102
What is the remainder when 1104 is divided by 41?
38
Calculate the remainder when 1318 is divided by 161.
30
What is the remainder when 7402 is divided by 2?
0
What is the remainder when 69 is divided by 19?
12
What is the remainder when 17455 is divided by 15?
10
What is the remainder when 330 is divided by 9?
6
Calculate the remainder when 187 is divided by 66.
55
Calculate the remainder when 142 is divided by 30.
22
Calculate the remainder when 335 is divided by 26.
23
W